Give r(-14).
6
Let o(z) = 171*z - 11126. Give o(67).
331
Let a(x) = -55432*x - 942424. What is a(-17)?
-80
Let t(f) = 333*f + 4112. What is t(-12)?
116
Let y(j) = 2*j**2 - 194653*j - 1557348. Determine y(-8).
4
Let m(b) = 5*b**3 - 40*b**2 + 33*b - 267. Determine m(8).
-3
Let z(d) = -92903*d + 743003. What is z(8)?
-221
Let k(y) = -y**3 + 173*y**2 + 950*y - 10675. What is k(178)?
5
Let b(w) = -13*w**2 - 104*w + 95. Determine b(-21).
-3454
Let y(r) = -10*r**3 + 70*r**2 + 93*r - 659. Give y(7).
-8
Let g(l) = 7*l**3 + 37*l**2 - 7*l + 1. Give g(-6).
-137
Let v(x) = 17*x**2 + 1655*x - 1904. What is v(-98)?
-826
Let u(d) = 31379*d + 3388902. Determine u(-108).
-30
Let s(k) = 239524*k - 3353331. Calculate s(14).
5
Let z(l) = -51*l**2 + 11963*l + 5231. Calculate z(235).
61
Let f(h) = -36405*h + 145463. Calculate f(4).
-157
Let c(r) = -2*r**2 - 75*r + 426. What is c(6)?
-96
Let m(h) = 2*h**3 - 15*h**2 - 132*h + 630. Give m(11).
25
Let r(g) = 410*g**2 + 524*g - 1. Calculate r(-3).
2117
Let o(b) = b**3 + 3410*b**2 - 27370*b + 2. What is o(8)?
-206
Let p(k) = -2*k**2 + 36340*k + 2260768. Determine p(-62).
0
Let n(x) = -2126*x + 103796. What is n(49)?
-378
Let y(o) = 407*o + 170108. Determine y(-418).
-18
Let g(q) = 2*q**3 + 70*q**2 - 473*q - 5. Give g(6).
109
Let y(c) = -1342*c + 44927. Give y(33).
641
Let f(t) = -4*t**3 - 793*t**2 - 4765*t - 7. What is f(-6)?
899
Let y(n) = -322588*n + 17419737. What is y(54)?
-15
Let u(w) = 5424*w - 938. Calculate u(0).
-938
Let x(l) = -27*l**2 + 4681*l + 162403. Determine x(203).
3
Let u(f) = -25*f**3 - 726*f**2 - 45*f - 77. Determine u(-29).
387
Let t(b) = 26389*b**2 + 211105*b - 51. Calculate t(-8).
5
Let z(u) = u**3 + 114*u**2 + 1407*u + 136. Give z(-100).
-564
Let g(o) = -119275*o - 1789109. Give g(-15).
16
Let a(t) = -37183*t - 706482. Determine a(-19).
-5
Let b(k) = -k**3 + 40*k**2 - 147*k + 249. What is b(36)?
141
Let a(l) = -20840*l + 20231. Determine a(1).
-609
Let h(k) = 367*k + 75405. Calculate h(-205).
170
Let s(v) = -1140*v**2 + 12585*v - 491. Give s(11).
4
Let f(j) = 28437*j + 568736. Calculate f(-20).
-4
Let b(w) = 7699*w + 708264. Give b(-92).
-44
Let h(g) = 224*g**2 - 10788*g - 189. Give h(48).
-1917
Let s(l) = 70*l**2 - 5806*l - 317. Calculate s(83).
15
Let y(v) = -v**3 + 176*v**2 - 3580*v - 10372. Calculate y(152).
-36
Let x(w) = 4*w**3 + 45*w**2 + 5*w + 10. Give x(-7).
808
Let a(r) = 142985*r + 1429862. Calculate a(-10).
12
Let v(r) = r**3 + 28*r**2 - 37*r + 1932. Calculate v(-31).
196
Let t(r) = r**3 - 79*r**2 + 798*r + 3952. Calculate t(66).
-8
Let n(l) = -4*l**3 + 46*l**2 + 58*l - 129. Calculate n(9).
1203
Let j(s) = -433*s - 48128. Determine j(-112).
368
Let u(h) = -3022*h + 743415. Determine u(246).
3
Let i(j) = -2*j**3 + 292*j**2 - 9086*j - 417. Give i(101).
-13
Let n(x) = -81*x**2 + 613*x - 15. Calculate n(5).
1025
Let d(i) = 6*i + 168. Give d(-38).
-60
Let r(v) = v**3 - 33*v**2 + 568*v - 17517. Give r(32).
-365
Let v(g) = 2*g**2 - 6102*g + 1571658. Give v(284).
2
Let k(c) = -54*c**2 + 1085*c + 1030. Calculate k(21).
1
Let g(i) = 7*i**2 + 21*i - 95. Determine g(-5).
-25
Let u(j) = -7*j**3 - 116*j**2 + 197*j + 13. Calculate u(-18).
-293
Let v(l) = 370*l - 4009. Give v(12).
431
Let d(h) = h**2 - 1352*h + 210007. Give d(179).
40
Let q(o) = 4433341*o - 22166703. Calculate q(5).
2
Let h(o) = -188*o**2 - 108*o - 5. Give h(-3).
-1373
Let r(o) = -567*o**2 - 252318*o - 1353. Give r(-445).
-18
Let k(g) = 4*g**2 - 4431*g - 17762. Give k(-4).
26
Let p(s) = -198*s**2 + 8696*s - 7825. Give p(43).
1
Let z(a) = a**3 + 33*a**2 - 310*a - 1223. Determine z(-40).
-23
Let b(l) = 511*l - 7217. Determine b(14).
-63
Let f(i) = -1116201*i + 1116218. Calculate f(1).
17
Let b(t) = -132195*t + 132307. Give b(1).
112
Let h(p) = -p**2 + 180073*p + 360147. Calculate h(-2).
-3
Let k(d) = -6095*d + 61507. What is k(10)?
557
Let c(a) = -17*a**2 + 31847*a + 63698. What is c(-2)?
-64
Let v(z) = -z**3 + 126*z**2 + 32830*z + 16582. What is v(255)?
7
Let n(b) = 27*b**3 - 10*b**2 - 9*b + 18. Give n(-3).
-774
Let d(i) = -78*i**3 + 389*i**2 + 668*i - 3310. Determine d(5).
5
Let l(d) = -d**2 - 64*d + 479. Give l(12).
-433
Let z(s) = 58*s**2 - 30450*s - 247303. Give z(-8).
9
Let j(n) = -54*n**2 + 93514*n - 466221. What is j(5)?
-1
Let b(q) = 256*q - 12473. Calculate b(48).
-185
Let o(y) = -12574*y**2 - 50288*y - 6. What is o(-4)?
-38
Let l(u) = 205*u**3 + 7788*u**2 - 69*u + 97. Determine l(-38).
-169
Let p(i) = i**2 + 161*i - 1980. Determine p(-158).
-2454
Let p(d) = -95*d + 9153. What is p(98)?
-157
Let o(r) = -5*r**3 - 1116*r**2 - 71*r + 33612. Calculate o(-223).
-284
Let p(y) = 14*y**2 - 6225*y + 12476. Give p(2).
82
Let m(r) = -87*r**2 - 58797*r - 48568. What is m(-675)?
32
Let v(q) = 5*q**2 + 237*q - 3725. What is v(-60)?
55
Let o(t) = 7*t**2 + 62415*t + 62417. Determine o(-1).
9
Let x(h) = -1473462*h + 30942695. What is x(21)?
-7
Let k(w) = w**2 - 8903*w + 283906. Determine k(32).
34
Let v(m) = 11922*m + 11886237. Give v(-997).
3
Let r(h) = -5667*h + 158776. Give r(28).
100
Let d(p) = -3*p**3 + 9*p**2 - 17*p + 2. Give d(-4).
406
Let n(y) = -15*y**3 + 719*y**2 + 55*y - 169. Calculate n(48).
167
Let z(u) = 37829*u - 53. Give z(0).
-53
Let b(o) = -4571*o - 1211313. Calculate b(-265).
2
Let d(w) = 265*w**2 - 3644*w + 67. Give d(13).
-2520
Let t(j) = 240*j**3 + 3120*j**2 + j - 27. Calculate t(-13).
-40
Let j(m) = 34912*m - 3805412. Calculate j(109).
-4
Let l(h) = -3*h**3 - 7*h**2 + 4*h + 42. What is l(-5)?
222
Let o(u) = u**3 - 868*u**2 + 186981*u + 2421. Calculate o(397).
39
Let l(d) = -3*d**2 - 25928*d - 103731. What is l(-4)?
-67
Let f(l) = -42*l**3 + 1462*l**2 + 8720*l + 7. Give f(40).
7
Let v(l) = -4376*l - 8525. Determine v(-2).
227
Let t(a) = 264*a + 31593. What is t(-125)?
-1407
Let z(w) = -2*w**3 + 62*w**2 + 1253*w - 112. Give z(-14).
-14
Let j(w) = -74*w**2 + 354*w - 122. Give j(5).
-202
Let w(c) = -377*c**3 - 248*c**2 + 252*c - 5. What is w(1)?
-378
Let p(n) = 12*n**3 + 262*n**2 - 133*n - 1961. Determine p(-22).
-3
Let y(s) = -s**3 + 9*s**2 + 613*s + 8061. What is y(34)?
3
Let l(c) = -2*c**2 + 25*c + 618. What is l(28)?
-250
Let x(n) = 2*n**3 + 5754*n**2 - 11513*n - 9. Calculate x(2).
-3
Let q(n) = -36*n**3 - 277*n**2 - 555*n - 144. Calculate q(-3).
0
Let c(l) = 290361*l - 3484382. Calculate c(12).
-50
Let f(n) = n**3 + 26*n**2 + 53*n - 1264. Calculate f(-13).
244
Let t(q) = 2262*q**2 + 85961*q + 195. Calculate t(-38).
5
Let h(o) = -25232*o - 756969. Determine h(-30).
-9
Let r(y) = -3*y**2 - 188*y + 882. Determine r(-76).
-2158
Let t(p) = 6*p**3 - 50*p**2 + 137*p + 186. What is t(-1)?
-7
Let r(c) = -c**3 - 8*c**2 - 297*c + 3042. What is r(8)?
-358
Let p(n) = -7*n**3 - 72*n**2 + 1651*n + 17917. Calculate p(-11).
361
Let w(x) = -x**2 + 1685*x + 6575. What is w(-4)?
-181
Let x(s) = -642*s - 186170. Calculate x(-290).
10
Let v(f) = -385*f**2 + 1331*f - 520. Calculate v(3).
8
Let r(u) = -3*u**3 - 113*u**2 + 349*u - 38. What is r(3)?
-89
Let z(s) = s**3 + 97*s**2 - 286*s + 1455. Determine z(-100).
55
Let j(y) = 3*y**3 - 21*y**2 + 47*y - 43. What is j(11)?
1926
Let u(g) = -g**2 + 65*g + 1806. Determine u(79).
700
Let j(z) = 2437*z + 56020. Calculate j(-23).
-31
Let r(m) = 105*m + 13388. Give r(-128).
-52
Let h(y) = 40*y**2 + 9283*y - 8620. Determine h(-233).
1
Let o(b) = -b**2 + 23280*b - 116405. Give o(5).
-30
Let t(a) = -3*a**2 - 589*a + 43140. Determine t(-253).
130
Let a(l) = 1691*l**2 + 99*l + 12. Determine a(1).
1802
Let f(s) = 4*s**3 - 90*s**2 - 65*s + 2462. Calculate f(22).
64
Let f(a) = -9*a**2 - 5916*a - 7871. Determine f(-656).
1
Let j(d) = 5*d**2 - 4942*d - 24748. Determine j(-5).
87
Let l(m) = 34*m**2 - 173*m + 801. Calculate l(5).
786
Let g(q) = 3*q**3 - 1757*q**2 - 9460*q + 2357. Give g(591).
-7
Let f(j) = j**3 + 179*j**2 + 1850*j + 285. Calculate f(-168).
-51
Let k(b) = -4816*b - 63343. Calculate k(-13).
-735
Let n(g) = 2*g**2 - 92*g + 564. What is n(29)?
-422
Let g(b) = 2*b**2 + 3061*b - 21552. What is g(7)?
-27
Let q(a) = -24298*a - 121493. Calculate q(-5).
-3
Let g(k) = -472*k**2 - 4711*k - 113. Calculate g(-10).
-203
Let n(x) = x**3 - 102*x**2 - 522*x - 1219. Calculate n(107).
172
Let s(v) = -v**2 - 428660*v - 857314. Calculate s(-2).
2
Let l(w) = w**3 - 12*w**2 - 190*w + 2220. Give l(14).
-48
Let v(k) = k*